ommon factor of f and 20.
20
Let m = 1401 + -1366. What is the greatest common factor of m and 5285?
35
Suppose 2*c - 2*l + 2 = 0, -5*c + 2*l + 4 - 9 = 0. Let w be 1*12 + 4 + -5 + c. What is the greatest common divisor of 10 and w?
10
Let h = -2557 + 2701. Calculate the highest common divisor of 4368 and h.
48
Let m be 30/8*(-111320)/(-726). What is the highest common divisor of 1495 and m?
115
Suppose -21*d = -2*s - 19*d + 10266, s - 5129 = -d. Calculate the greatest common factor of 7 and s.
7
Let w = -4683 - -9733. Calculate the greatest common factor of w and 100.
50
Let n = 251 - 6. Suppose 10682 = 269*m + 1267. Calculate the greatest common factor of m and n.
35
Suppose -2*t = 2*t - 3*x - 3894, 0 = 4*t - 4*x - 3896. Let v be 64/(-20) - -3 - 136/3740*-748. What is the greatest common divisor of v and t?
27
Suppose -37*c + 29*c = -6024. Let a = c + -721. What is the greatest common divisor of a and 88?
8
Let q(u) = -u**3 + 5*u**2 + 3*u. Let i be q(4). Let x(o) = 861*o - 142394. Let g be x(166). Calculate the greatest common factor of g and i.
28
Let u(d) = 14*d**2 + 46*d - 66. Let a be u(-6). What is the greatest common factor of 228 and a?
6
Suppose 11*c - 18 = 26. Let g be (-5)/((-30)/576*c). Let y be (-13)/(-4) + 1/(-4). What is the highest common divisor of y and g?
3
Suppose n + 5 = -7*o + 3*o, -19 = 2*n - o. Let h(w) = 2*w**2 - 2*w - 4. Let s be h(5). Let c be 8/s + (-88)/n. What is the greatest common factor of 50 and c?
10
Let w = 2138 + -2114. Calculate the highest common divisor of 4800 and w.
24
Let l be -15*66/(-220)*98. Calculate the highest common divisor of 1372 and l.
49
Let f(j) = 18*j - 8. Let p be f(2). Let l = 16 - 13. Suppose -1 - l = -v. What is the greatest common divisor of p and v?
4
Suppose 4*z - b = 9372, 55*b + 4686 = 2*z + 58*b. What is the greatest common factor of z and 142?
71
Suppose 0 = -5*d - 5*d - 600. Let i be 2*3*((-1450)/d)/29. Suppose -7 = -3*n + 8. What is the greatest common divisor of i and n?
5
Suppose -2*c = 2*v + 2, -5*v - 7 = 2*c - 4*v. Let d be c*(17/(-9))/((-3)/(-18)). Calculate the greatest common divisor of 4 and d.
4
Let v be (3/(-1) - 1675/5)*-2. What is the greatest common factor of v and 416?
52
Let m be -1*13754/(-10)*(11 - (10 - 4)). Calculate the greatest common factor of 65 and m.
13
Suppose 2*x + 8*d - 11*d = -272, 0 = -4*d - 16. Let n = x + 147. What is the greatest common factor of n and 25?
5
Let z be 1*(-5 + 4) + 704. Calculate the greatest common factor of z and 57.
19
Suppose 3*m - 375 = 24. Suppose 5*k - 1 - m = 3*h, -2 = -h. Let y be 2816/28 - 16/k. Calculate the highest common factor of 40 and y.
20
Let h(s) = s**3 - 6*s**2 + 2*s + 11. Let x = 17 + -12. Let y be h(x). Let v be (-1)/10*y - (-664)/40. What is the highest common divisor of v and 17?
17
Let n be ((-5618)/1908 + (-8)/(-18))*-26. Calculate the highest common factor of n and 741.
13
Let t(c) be the second derivative of 7*c**3/6 - 16*c**2 - 5*c + 2. Let i be t(13). Calculate the greatest common factor of i and 295.
59
Let z = -3095 - -3697. What is the greatest common divisor of z and 28?
14
Let q(t) = -36*t + 346. Let a be q(3). Calculate the highest common divisor of a and 756.
14
Suppose -2*l + 5 = -3. Let h be (3 - -9)*((-45)/l)/5. Let o = h + 36. What is the greatest common divisor of 27 and o?
9
Let w(s) = 3*s**2 + 7*s + 13. Let h be 8/(-6)*(-45)/(-6). Let a be w(h). Let k be 13/((-3124)/297 + 11). What is the highest common divisor of k and a?
27
Let s be (1 + ((-45)/6)/5)*2. Let l be s/(2/8) - (-28 - 5). Let i = -113 + 345. Calculate the greatest common factor of i and l.
29
Let d(z) = 4*z**2 + 10*z - 14. Let a be d(-8). Suppose 2*q - a = -q. Calculate the highest common factor of q and 9.
9
Let b(d) = -2*d**2. Let i be b(1). Let v be ((-16)/(-42) - i/7)*-177. Let t = -46 - v. What is the highest common divisor of t and 48?
24
Let m(q) = -34*q + 736. Let b be m(14). What is the greatest common divisor of 845 and b?
65
Suppose 4*j = 3*j - 2*k + 12, 2*k + 8 = 4*j. Suppose -o + 5*g = -45, -o + 1 = j*g - 35. What is the greatest common divisor of 70 and o?
10
Let b = 75 + -23. Suppose -k + g + 4*g - 34 = 0, 4*g = k + 29. Let f be 1/(k/2730)*(-24)/20. Calculate the highest common factor of b and f.
52
Let s be (141*6/18)/((-1)/(-5)). Suppose 0 = 4*m - 12, -4*m = -3*q + s + 836. What is the highest common divisor of q and 19?
19
Let o(z) be the third derivative of -z**6/120 - z**5/6 - 13*z**4/24 - 15*z**3/2 - 52*z**2. Let d be o(-10). Calculate the greatest common divisor of 5 and d.
5
Suppose 1143 + 153 = 108*i. What is the highest common factor of 2836 and i?
4
Let n = 630 - 914. Let p = n - -466. Let f be (15/5)/(150/(-52) - -3). Calculate the highest common divisor of p and f.
26
Let b(x) = -5*x + 17*x - 13 + 2*x**2 - 12*x. Let w(c) = -c**2 + 4*c + 8. Let d be w(6). Let h be b(d). What is the greatest common factor of 209 and h?
19
Suppose -13*a + 73*a - 4200 = 0. Let y(x) = 64*x**2 + 2*x + 1. Let u be y(-1). Let k = -35 + u. Calculate the highest common divisor of a and k.
14
Let b(n) = n**2 + n + 3. Let c be b(5). Suppose 3*d - 338 = 2041. Suppose 5*q = 2*w - 533, 3*w + 7*q - d = 8*q. What is the highest common divisor of c and w?
33
Let f = -38 - -85. Let u be -5 - (7 - 4408/4). Let o = u - 573. Calculate the greatest common divisor of o and f.
47
Suppose -3*p + 4*k = -841, 805*p = 810*p - 2*k - 1383. What is the highest common divisor of p and 400?
25
Let b = 818 + -317. Let u = b + -473. Suppose 90 = 2*o - 2*l, 2*o - l = 42 + 45. Calculate the greatest common divisor of u and o.
14
Let w(m) = 103*m**2 - m + 2. Let c be w(1). Let d = c - 46. Let a be 1*9/(-3)*1 - -90. Calculate the highest common divisor of a and d.
29
Let h(q) = -214*q - 1004. Let o be h(-6). Calculate the highest common divisor of 1155 and o.
35
Let q(j) = -2*j**2 + 31. Let o be q(-10). Let c = -134 - o. What is the highest common divisor of 245 and c?
35
Suppose -1937*p = -1872*p - 1430. Calculate the highest common divisor of 39622 and p.
22
Suppose 0 = -j - 5 + 8, 461 = 4*m - j. Calculate the highest common divisor of 2668 and m.
116
Let b be (1/(-2)*1)/(36/(-144)). Suppose 5*p - y - 36 + 107 = 0, p + 12 = -b*y. Let v be 6/21 - 33*44/p. What is the highest common divisor of v and 52?
52
Let m(a) = a**2 - 3*a - 7. Let c be m(10). Suppose -8*z + 57 + c = 0. Calculate the highest common divisor of z and 3.
3
Let k be (0 - -6)/(((-1134)/(-20391))/27). Calculate the greatest common divisor of 3 and k.
3
Suppose d = 2*d - 3, 0 = 5*s - 5*d - 45. Let g(f) = -3*f**3 + 3*f**2 + 2*f - 2. Let k be g(-2). Calculate the greatest common divisor of k and s.
6
Suppose -d - 21 = -9. Let u(v) be the third derivative of -v**4/24 - 5*v**2. Let f be u(d). What is the greatest common divisor of f and 60?
12
Let z be (-11)/((-220)/(-300)) + 18. Calculate the highest common divisor of 5403 and z.
3
Let t(m) = -m**3 - 93*m**2 + 490*m + 166. Let o be t(-98). What is the greatest common divisor of o and 4399?
83
Let a = 25652 - 25442. Calculate the highest common factor of 1230 and a.
30
Let m = 11618 - 11586. Calculate the highest common divisor of m and 13456.
16
Let n be ((-4)/(-10))/((-4)/(-1070)). Suppose n = w + 98. Calculate the highest common factor of 6 and w.
3
Suppose -2*p = 4*k - 116, -10*k + 145 = -5*k + 2*p. What is the highest common divisor of 8 and k?
1
Suppose p = -0*p + 2. Let z(i) = -p*i + 9*i**2 - 6*i**2 - 2*i**2 - 17. Let o be z(-4). Calculate the greatest common factor of o and 35.
7
Suppose 3*b - 5*m = -m + 26, 2*b - m - 9 = 0. Suppose 5*h + 7*y - 190 = 12*y, 0 = b*h + 5*y - 104. Calculate the greatest common divisor of h and 168.
42
Suppose 9*y + 42*y - 4794 = 0. Calculate the greatest common divisor of y and 235.
47
Let f(g) = 3*g**2 + 20*g - 8. Let j be f(10). Suppose 3*w + 140 = h, 7*h + 5*w = 3*h + j. Calculate the greatest common divisor of 32 and h.
32
Suppose -3*v + 3240 = -4*y - 29047, -12*y - 21562 = -2*v. Calculate the highest common factor of v and 694.
347
Let h(a) = 6*a**2 - 41*a - 164. Let d be h(-4). What is the highest common divisor of 1668 and d?
12
Let j(s) = -3*s**2 - 45*s - 45. Let v be j(-13). Let o(l) = -2*l**2 + 63*l + 176. Let a be o(v). Calculate the highest common factor of a and 22.
11
Suppose -614*n +